{"id":243,"date":"2011-04-11T15:13:29","date_gmt":"2011-04-11T15:13:29","guid":{"rendered":"https:\/\/eaa-online.org\/congress-2012\/congress-venue-2\/"},"modified":"2022-10-13T12:10:53","modified_gmt":"2022-10-13T12:10:53","slug":"congress-venue-2","status":"publish","type":"page","link":"https:\/\/eaa-online.org\/congress-2012\/congress-venue-2\/","title":{"rendered":"Congress Venue"},"content":{"rendered":"<table cellspacing=\"20\" cellpadding=\"1\" width=\"100%\" border=\"0\">\n<tbody>\n<tr>\n<td valign=\"top\" align=\"left\" width=\"50%\"><span style=\"font-size: x-large\"><span><span style=\"color: #a4b83d\"><\/p>\n<p><strong><span style=\"color: #00ccff\">Congress Venue<\/span><\/strong><\/p>\n<p>            <\/span><\/span><\/span><\/p>\n<p style=\"text-align: justify\">&#160;<br \/>\n            The EAA 2012 will take place in Ljubljana, the Capital of Slovenia at the<\/p>\n<p>            <strong>Faculty of Economics, University of Ljubljana (FELU)<br \/>\n            <\/strong>Kardeljeva plo\u0161\u010dad 17<br \/>\n            SI \u2013 1000 Ljubljana<br \/>\n            Tel: +386 1 5892 400<br \/>\n            <a href=\"http:\/\/www2.ef.uni-lj.si\/en\/\">http:\/\/www2.ef.uni-lj.si\/en\/<\/a><\/p>\n<p style=\"text-align: justify\">The main scientific programme of the Congress will be held at the Faculty of Economics in Ljubljana.<\/p>\n<p><span style=\"color: #00ccff\"><strong>Facilities<\/strong><\/span><\/p>\n<ul>\n<li>4 big halls (150 \u2013 407 seats, possibility of simultaneous audio-video projection)<\/li>\n<li>17 medium-size lecture rooms (36 \u2013 122 seats)<\/li>\n<li>8 seminar rooms (16 \u2013 50 seats)<\/li>\n<li>8 rooms for foreign languages (22 \u2013 40 seats)<\/li>\n<li>6 computer rooms (16 seats)<\/li>\n<li>4 council rooms<\/li>\n<li>2 computer rooms in Central Economic Library<\/li>\n<\/ul>\n<p style=\"text-align: justify\">All rooms and halls are equipped with multimedia equipment (PC, LCD projector, video) and overhead projectors. The majority of classrooms are also air-conditioned.<\/p>\n<p style=\"text-align: justify\"><span style=\"color: #00ccff\"><strong>Conference Secretariat and Cloak Room<br \/>\n            <\/strong><\/span>The conference secretariat and a cloak room are located on the ground floor of the Faculty of Economics\u2019 lecture room building.<\/p>\n<p style=\"text-align: justify\"><span style=\"color: #00ccff\"><strong>Registration<\/strong><\/span><br \/>\n            Registration takes place at the Faculty of Economics&#8217; forum (in case of bad weather at the lobby between Big and Small hall). The registration desk is open during the opening hours from 8 am to 5 pm.<\/p>\n<p style=\"text-align: justify\">\n            The main scientific programme the Congress will be held at the Faculty of Economics in Ljubljana (Kardeljeva plo\u0161\u010dad 17, SI-1000 Ljubljana).<\/p>\n<p><span style=\"color: #00ccff\"><strong>How to find Faculty of Economics University of Ljubljana (FELU)<\/strong><\/span><\/p>\n<p><strong>Address<\/strong>:<\/p>\n<p style=\"text-align: justify\">Faculty of Economics<br \/>\n            University of Ljubljana (Ekonomska fakulteta)<br \/>\n            Kardeljeva plo\u0161\u010dad 17<br \/>\n            SI-1000 Ljubljana<br \/>\n            &#160;<\/p>\n<p style=\"text-align: justify\"><img decoding=\"async\" loading=\"lazy\" height=\"100\" alt=\"\" width=\"100\" align=\"left\" style=\"margin: 20px\" src=\"https:\/\/eaa-online.org\/app\/uploads\/sites\/64\/2021\/09\/car.jpg\" \/>From Maribor (E57\/A1): From the Tomacevo roundabout, drive in the direction towards &#8220;Centre&#8221;. Turn onto Vojkova Street (Vojkova cesta) and continue for 500m to the FELU.<br \/>\n            From Bled\/Kranj (E61\/A2), Koper (E70\/A1), or Novo mesto\/Zagreb (E70\/A2): From Ljubljana&#8217;s ring-road bypass, drive until you reach the exit for the WTC (World Trade Center). Join Dunajska Street (Dunajska cesta) and continue in the direction towards &#8220;Center&#8221;. At the second traffic light (near AMZS), turn left onto Allendejeva&#160;Street (Allendejeva ulica) and continue until you reach Vojkova Street (Vojkova cesta). Turn right onto Vojkova street (Vojkova cesta) then turn right again onto the first street (Kardeljeva) to reach the FELU.<br \/>\n            &#160;<\/p>\n<p style=\"text-align: justify\"><img decoding=\"async\" loading=\"lazy\" height=\"101\" alt=\"\" width=\"100\" align=\"left\" style=\"margin: 20px\" src=\"https:\/\/eaa-online.org\/app\/uploads\/sites\/64\/2021\/09\/bus.jpg\" \/>From the bus stop at Bavarski dvor get on the city bus number 6 (direction \u010crnu\u010de), 8 (direction Brn\u010di\u010deva), or 11 (direction Je\u017eica). Continue until the stop Mercator at the big white Mercator building. Local transport in Ljubljana is provided by the city buses of Ljubljanski potni\u0161ki promet (LPP), which operate from 5 am to 11 pm. The fare (1 \u20ac) is a standard one, irrespective of the distance travelled and it is written on the box located next to the driver. You can also pre-buy a plastic token at newsstands and post offices for a lower price (0,80 \u20ac).<\/p>\n<p>\n            <img decoding=\"async\" loading=\"lazy\" height=\"100\" alt=\"\" width=\"100\" align=\"left\" style=\"margin: 20px\" src=\"https:\/\/eaa-online.org\/app\/uploads\/sites\/64\/2021\/09\/taxi.jpg\" \/><\/p>\n<p>&#160;<\/p>\n<p style=\"text-align: justify\">The cost per kilometre is around 0,80 \u20ac or more. <br \/>\n            Some taxi telephone numbers: Taxi Ronda: 9705, Radio Taxi: 9700, Omega Taxi: 9707, Hit Taxi: 9701, Intertours Taxi: 9704, Taxi Intersiti: 9708, Rumeni taxi: +386 (0)41 731 831.<\/p>\n<p>&#160;<\/p>\n<p>            &#160;<\/p>\n<\/td>\n<\/tr>\n<\/tbody>\n<\/table>\n<p>&#160;<\/p>\n","protected":false},"excerpt":{"rendered":"<p>Congress Venue &#160; The EAA 2012 will take place in Ljubljana, the Capital of Slovenia at the Faculty of Economics, University of Ljubljana (FELU) Kardeljeva plo\u0161\u010dad 17 SI \u2013 1000 Ljubljana Tel: +386 1 5892 400 http:\/\/www2.ef.uni-lj.si\/en\/ The main scientific programme of the Congress will be held at the Faculty of Economics in Ljubljana. Facilities [&hellip;]<\/p>\n","protected":false},"author":2943,"featured_media":0,"parent":0,"menu_order":0,"comment_status":"closed","ping_status":"closed","template":"","meta":{"ngg_post_thumbnail":0},"acf":[],"yoast_head":"<!-- This site is optimized with the Yoast SEO plugin v20.12 - https:\/\/yoast.com\/wordpress\/plugins\/seo\/ -->\n<title>Congress Venue - Congress 2012<\/title>\n<meta name=\"robots\" content=\"index, follow, max-snippet:-1, max-image-preview:large, max-video-preview:-1\" \/>\n<link rel=\"canonical\" href=\"https:\/\/eaa-online.org\/congress-2012\/congress-venue-2\/\" \/>\n<meta property=\"og:locale\" content=\"en_US\" \/>\n<meta property=\"og:type\" content=\"article\" \/>\n<meta property=\"og:title\" content=\"Congress Venue - Congress 2012\" \/>\n<meta property=\"og:description\" content=\"Congress Venue &#160; The EAA 2012 will take place in Ljubljana, the Capital of Slovenia at the Faculty of Economics, University of Ljubljana (FELU) Kardeljeva plo\u0161\u010dad 17 SI \u2013 1000 Ljubljana Tel: +386 1 5892 400 http:\/\/www2.ef.uni-lj.si\/en\/ The main scientific programme of the Congress will be held at the Faculty of Economics in Ljubljana. Facilities [&hellip;]\" \/>\n<meta property=\"og:url\" content=\"https:\/\/eaa-online.org\/congress-2012\/congress-venue-2\/\" \/>\n<meta property=\"og:site_name\" content=\"Congress 2012\" \/>\n<meta property=\"article:modified_time\" content=\"2022-10-13T12:10:53+00:00\" \/>\n<meta property=\"og:image\" content=\"https:\/\/eaa-online.org\/app\/uploads\/sites\/64\/2021\/09\/car.jpg\" \/>\n<meta name=\"twitter:card\" content=\"summary_large_image\" \/>\n<meta name=\"twitter:label1\" content=\"Est. reading time\" \/>\n\t<meta name=\"twitter:data1\" content=\"2 minutes\" \/>\n<script type=\"application\/ld+json\" class=\"yoast-schema-graph\">{\"@context\":\"https:\/\/schema.org\",\"@graph\":[{\"@type\":\"WebPage\",\"@id\":\"https:\/\/eaa-online.org\/congress-2012\/congress-venue-2\/\",\"url\":\"https:\/\/eaa-online.org\/congress-2012\/congress-venue-2\/\",\"name\":\"Congress Venue - Congress 2012\",\"isPartOf\":{\"@id\":\"https:\/\/eaa-online.org\/congress-2012\/#website\"},\"datePublished\":\"2011-04-11T15:13:29+00:00\",\"dateModified\":\"2022-10-13T12:10:53+00:00\",\"breadcrumb\":{\"@id\":\"https:\/\/eaa-online.org\/congress-2012\/congress-venue-2\/#breadcrumb\"},\"inLanguage\":\"en-US\",\"potentialAction\":[{\"@type\":\"ReadAction\",\"target\":[\"https:\/\/eaa-online.org\/congress-2012\/congress-venue-2\/\"]}]},{\"@type\":\"BreadcrumbList\",\"@id\":\"https:\/\/eaa-online.org\/congress-2012\/congress-venue-2\/#breadcrumb\",\"itemListElement\":[{\"@type\":\"ListItem\",\"position\":1,\"name\":\"Home\",\"item\":\"https:\/\/eaa-online.org\/congress-2012\/\"},{\"@type\":\"ListItem\",\"position\":2,\"name\":\"Congress Venue\"}]},{\"@type\":\"WebSite\",\"@id\":\"https:\/\/eaa-online.org\/congress-2012\/#website\",\"url\":\"https:\/\/eaa-online.org\/congress-2012\/\",\"name\":\"Congress 2012\",\"description\":\"Just another EAA Sites site\",\"potentialAction\":[{\"@type\":\"SearchAction\",\"target\":{\"@type\":\"EntryPoint\",\"urlTemplate\":\"https:\/\/eaa-online.org\/congress-2012\/?s={search_term_string}\"},\"query-input\":\"required name=search_term_string\"}],\"inLanguage\":\"en-US\"}]}<\/script>\n<!-- \/ Yoast SEO plugin. -->","yoast_head_json":{"title":"Congress Venue - Congress 2012","robots":{"index":"index","follow":"follow","max-snippet":"max-snippet:-1","max-image-preview":"max-image-preview:large","max-video-preview":"max-video-preview:-1"},"canonical":"https:\/\/eaa-online.org\/congress-2012\/congress-venue-2\/","og_locale":"en_US","og_type":"article","og_title":"Congress Venue - Congress 2012","og_description":"Congress Venue &#160; The EAA 2012 will take place in Ljubljana, the Capital of Slovenia at the Faculty of Economics, University of Ljubljana (FELU) Kardeljeva plo\u0161\u010dad 17 SI \u2013 1000 Ljubljana Tel: +386 1 5892 400 http:\/\/www2.ef.uni-lj.si\/en\/ The main scientific programme of the Congress will be held at the Faculty of Economics in Ljubljana. Facilities [&hellip;]","og_url":"https:\/\/eaa-online.org\/congress-2012\/congress-venue-2\/","og_site_name":"Congress 2012","article_modified_time":"2022-10-13T12:10:53+00:00","og_image":[{"url":"https:\/\/eaa-online.org\/app\/uploads\/sites\/64\/2021\/09\/car.jpg"}],"twitter_card":"summary_large_image","twitter_misc":{"Est. reading time":"2 minutes"},"schema":{"@context":"https:\/\/schema.org","@graph":[{"@type":"WebPage","@id":"https:\/\/eaa-online.org\/congress-2012\/congress-venue-2\/","url":"https:\/\/eaa-online.org\/congress-2012\/congress-venue-2\/","name":"Congress Venue - Congress 2012","isPartOf":{"@id":"https:\/\/eaa-online.org\/congress-2012\/#website"},"datePublished":"2011-04-11T15:13:29+00:00","dateModified":"2022-10-13T12:10:53+00:00","breadcrumb":{"@id":"https:\/\/eaa-online.org\/congress-2012\/congress-venue-2\/#breadcrumb"},"inLanguage":"en-US","potentialAction":[{"@type":"ReadAction","target":["https:\/\/eaa-online.org\/congress-2012\/congress-venue-2\/"]}]},{"@type":"BreadcrumbList","@id":"https:\/\/eaa-online.org\/congress-2012\/congress-venue-2\/#breadcrumb","itemListElement":[{"@type":"ListItem","position":1,"name":"Home","item":"https:\/\/eaa-online.org\/congress-2012\/"},{"@type":"ListItem","position":2,"name":"Congress Venue"}]},{"@type":"WebSite","@id":"https:\/\/eaa-online.org\/congress-2012\/#website","url":"https:\/\/eaa-online.org\/congress-2012\/","name":"Congress 2012","description":"Just another EAA Sites site","potentialAction":[{"@type":"SearchAction","target":{"@type":"EntryPoint","urlTemplate":"https:\/\/eaa-online.org\/congress-2012\/?s={search_term_string}"},"query-input":"required name=search_term_string"}],"inLanguage":"en-US"}]}},"_links":{"self":[{"href":"https:\/\/eaa-online.org\/congress-2012\/wp-json\/wp\/v2\/pages\/243"}],"collection":[{"href":"https:\/\/eaa-online.org\/congress-2012\/wp-json\/wp\/v2\/pages"}],"about":[{"href":"https:\/\/eaa-online.org\/congress-2012\/wp-json\/wp\/v2\/types\/page"}],"author":[{"embeddable":true,"href":"https:\/\/eaa-online.org\/congress-2012\/wp-json\/wp\/v2\/users\/2943"}],"replies":[{"embeddable":true,"href":"https:\/\/eaa-online.org\/congress-2012\/wp-json\/wp\/v2\/comments?post=243"}],"version-history":[{"count":1,"href":"https:\/\/eaa-online.org\/congress-2012\/wp-json\/wp\/v2\/pages\/243\/revisions"}],"predecessor-version":[{"id":247,"href":"https:\/\/eaa-online.org\/congress-2012\/wp-json\/wp\/v2\/pages\/243\/revisions\/247"}],"wp:attachment":[{"href":"https:\/\/eaa-online.org\/congress-2012\/wp-json\/wp\/v2\/media?parent=243"}],"curies":[{"name":"wp","href":"https:\/\/api.w.org\/{rel}","templated":true}]}}