{"id":80,"date":"2012-07-12T08:56:18","date_gmt":"2012-07-12T08:56:18","guid":{"rendered":"https:\/\/eaa-online.org\/congress-2013\/organizers\/"},"modified":"2022-10-13T12:09:51","modified_gmt":"2022-10-13T12:09:51","slug":"organizers","status":"publish","type":"page","link":"https:\/\/eaa-online.org\/congress-2013\/organizers\/","title":{"rendered":"Organizers"},"content":{"rendered":"<table border=\"0\" cellspacing=\"50\" cellpadding=\"1\" width=\"700\">\n<tbody>\n<tr>\n<td valign=\"top\" width=\"50%\" align=\"left\">\n<p><span style=\"color: #0080cc\"><strong><span style=\"font-size: x-large\">Organizers<\/span><\/strong><\/span><span style=\"font-size: x-large\"><span><span style=\"color: #a4b83d\"><br \/>\n            <\/span><\/span><\/span><\/p>\n<p>            <span style=\"color: #0080cc\"><strong><span style=\"font-size: large\"><span style=\"font-size: medium\">Local Organizing Committee<\/span><br \/>\n            <\/span><\/strong><\/span><\/p>\n<ul>\n<li>Nicolas BERLAND, Chair<\/li>\n<li>Olivier CHARPATEAU, Treasurer<\/li>\n<li>Bruno OXIBAR, Secretary General\n<p>                <u>Members<br \/>\n                <\/u><\/li>\n<li>Didier BENSADON<\/li>\n<li>Rouba CHANTIRI-CHAUDEMANCHE<\/li>\n<li>Karine FABRE<\/li>\n<li>Anne Laure FARJAUDON<\/li>\n<li>Beno\u00eet GERARD<\/li>\n<li>Pierre LABARDIN<\/li>\n<li>Alexandre MASPIMBY<\/li>\n<li>C\u00e9line MICHA\u00cfLESCO<\/li>\n<li>Gwenaelle NOGATCHEWSKY<\/li>\n<li>Anne RODRIGUEZ<\/li>\n<\/ul>\n<p>            &#160;&#160;&#160;&#160;&#160;&#160; For any issues relating to the congress:<br \/>\n            &#160;&#160;&#160;&#160;&#160;&#160; Tel: + 33(0)1 44 05 40 58<br \/>\n            &#160;&#160;&#160;&#160;&#160;&#160; Email : <a href=\"mailto:eaa2013@dauphine.fr\">eaa2013@dauphine.fr<\/a> <\/p>\n<p>            &#160;<\/td>\n<td>\n<p>&#160;<br \/>\n            <strong><span style=\"color: #6699cc\"><span style=\"font-size: medium\"><\/p>\n<p>            <\/span><span style=\"color: #0080cc\"><span style=\"font-size: medium\">EAA<\/span><\/span><\/span><\/strong><\/p>\n<p>Place de Brouck\u00e8re, 31<br \/>\n            1000 Brussels &#8211; Belgium<\/p>\n<p>Phone: +32 (0)2 226 66 60<br \/>\n            Fax : +32 (0)2 512 19 29<br \/>\n            Website: <a href=\"http:\/\/www.eaa-online.org\/\">www.eaa-online.org<\/a><\/p>\n<p><u>Contact persons<\/u>:<\/p>\n<p>For paper submission and any general request: Nicole COOPMAN (<a href=\"mailto:coopman@eiasm.be\">coopman@eiasm.be<\/a>)<\/p>\n<p>For conference registration:<br \/>\n            Marion HEBBELYNCK<strong> <\/strong>(<a href=\"mailto:hebbelynck@eiasm.be\">hebbelynck@eiasm.be<\/a>)<br \/>\n            &#160;<\/p>\n<\/td>\n<\/tr>\n<\/tbody>\n<\/table>\n<p>&#160;<\/p>\n","protected":false},"excerpt":{"rendered":"<p>Organizers Local Organizing Committee Nicolas BERLAND, Chair Olivier CHARPATEAU, Treasurer Bruno OXIBAR, Secretary General Members Didier BENSADON Rouba CHANTIRI-CHAUDEMANCHE Karine FABRE Anne Laure FARJAUDON Beno\u00eet GERARD Pierre LABARDIN Alexandre MASPIMBY C\u00e9line MICHA\u00cfLESCO Gwenaelle NOGATCHEWSKY Anne RODRIGUEZ &#160;&#160;&#160;&#160;&#160;&#160; For any issues relating to the congress: &#160;&#160;&#160;&#160;&#160;&#160; Tel: + 33(0)1 44 05 40 58 &#160;&#160;&#160;&#160;&#160;&#160; Email : [&hellip;]<\/p>\n","protected":false},"author":2943,"featured_media":0,"parent":0,"menu_order":0,"comment_status":"closed","ping_status":"closed","template":"","meta":{"ngg_post_thumbnail":0},"acf":[],"yoast_head":"<!-- This site is optimized with the Yoast SEO plugin v20.12 - https:\/\/yoast.com\/wordpress\/plugins\/seo\/ -->\n<title>Organizers - Congress 2013<\/title>\n<meta name=\"robots\" content=\"noindex, follow, max-snippet:-1, max-image-preview:large, max-video-preview:-1\" \/>\n<meta property=\"og:locale\" content=\"en_US\" \/>\n<meta property=\"og:type\" content=\"article\" \/>\n<meta property=\"og:title\" content=\"Organizers - Congress 2013\" \/>\n<meta property=\"og:description\" content=\"Organizers Local Organizing Committee Nicolas BERLAND, Chair Olivier CHARPATEAU, Treasurer Bruno OXIBAR, Secretary General Members Didier BENSADON Rouba CHANTIRI-CHAUDEMANCHE Karine FABRE Anne Laure FARJAUDON Beno\u00eet GERARD Pierre LABARDIN Alexandre MASPIMBY C\u00e9line MICHA\u00cfLESCO Gwenaelle NOGATCHEWSKY Anne RODRIGUEZ &#160;&#160;&#160;&#160;&#160;&#160; For any issues relating to the congress: &#160;&#160;&#160;&#160;&#160;&#160; Tel: + 33(0)1 44 05 40 58 &#160;&#160;&#160;&#160;&#160;&#160; Email : [&hellip;]\" \/>\n<meta property=\"og:url\" content=\"https:\/\/eaa-online.org\/congress-2013\/organizers\/\" \/>\n<meta property=\"og:site_name\" content=\"Congress 2013\" \/>\n<meta property=\"article:modified_time\" content=\"2022-10-13T12:09:51+00:00\" \/>\n<meta name=\"twitter:card\" content=\"summary_large_image\" \/>\n<script type=\"application\/ld+json\" class=\"yoast-schema-graph\">{\"@context\":\"https:\/\/schema.org\",\"@graph\":[{\"@type\":\"WebPage\",\"@id\":\"https:\/\/eaa-online.org\/congress-2013\/organizers\/\",\"url\":\"https:\/\/eaa-online.org\/congress-2013\/organizers\/\",\"name\":\"Organizers - Congress 2013\",\"isPartOf\":{\"@id\":\"https:\/\/eaa-online.org\/congress-2013\/#website\"},\"datePublished\":\"2012-07-12T08:56:18+00:00\",\"dateModified\":\"2022-10-13T12:09:51+00:00\",\"breadcrumb\":{\"@id\":\"https:\/\/eaa-online.org\/congress-2013\/organizers\/#breadcrumb\"},\"inLanguage\":\"en-US\",\"potentialAction\":[{\"@type\":\"ReadAction\",\"target\":[\"https:\/\/eaa-online.org\/congress-2013\/organizers\/\"]}]},{\"@type\":\"BreadcrumbList\",\"@id\":\"https:\/\/eaa-online.org\/congress-2013\/organizers\/#breadcrumb\",\"itemListElement\":[{\"@type\":\"ListItem\",\"position\":1,\"name\":\"Home\",\"item\":\"https:\/\/eaa-online.org\/congress-2013\/\"},{\"@type\":\"ListItem\",\"position\":2,\"name\":\"Organizers\"}]},{\"@type\":\"WebSite\",\"@id\":\"https:\/\/eaa-online.org\/congress-2013\/#website\",\"url\":\"https:\/\/eaa-online.org\/congress-2013\/\",\"name\":\"Congress 2013\",\"description\":\"Just another EAA Sites site\",\"potentialAction\":[{\"@type\":\"SearchAction\",\"target\":{\"@type\":\"EntryPoint\",\"urlTemplate\":\"https:\/\/eaa-online.org\/congress-2013\/?s={search_term_string}\"},\"query-input\":\"required name=search_term_string\"}],\"inLanguage\":\"en-US\"}]}<\/script>\n<!-- \/ Yoast SEO plugin. -->","yoast_head_json":{"title":"Organizers - Congress 2013","robots":{"index":"noindex","follow":"follow","max-snippet":"max-snippet:-1","max-image-preview":"max-image-preview:large","max-video-preview":"max-video-preview:-1"},"og_locale":"en_US","og_type":"article","og_title":"Organizers - Congress 2013","og_description":"Organizers Local Organizing Committee Nicolas BERLAND, Chair Olivier CHARPATEAU, Treasurer Bruno OXIBAR, Secretary General Members Didier BENSADON Rouba CHANTIRI-CHAUDEMANCHE Karine FABRE Anne Laure FARJAUDON Beno\u00eet GERARD Pierre LABARDIN Alexandre MASPIMBY C\u00e9line MICHA\u00cfLESCO Gwenaelle NOGATCHEWSKY Anne RODRIGUEZ &#160;&#160;&#160;&#160;&#160;&#160; For any issues relating to the congress: &#160;&#160;&#160;&#160;&#160;&#160; Tel: + 33(0)1 44 05 40 58 &#160;&#160;&#160;&#160;&#160;&#160; Email : [&hellip;]","og_url":"https:\/\/eaa-online.org\/congress-2013\/organizers\/","og_site_name":"Congress 2013","article_modified_time":"2022-10-13T12:09:51+00:00","twitter_card":"summary_large_image","schema":{"@context":"https:\/\/schema.org","@graph":[{"@type":"WebPage","@id":"https:\/\/eaa-online.org\/congress-2013\/organizers\/","url":"https:\/\/eaa-online.org\/congress-2013\/organizers\/","name":"Organizers - Congress 2013","isPartOf":{"@id":"https:\/\/eaa-online.org\/congress-2013\/#website"},"datePublished":"2012-07-12T08:56:18+00:00","dateModified":"2022-10-13T12:09:51+00:00","breadcrumb":{"@id":"https:\/\/eaa-online.org\/congress-2013\/organizers\/#breadcrumb"},"inLanguage":"en-US","potentialAction":[{"@type":"ReadAction","target":["https:\/\/eaa-online.org\/congress-2013\/organizers\/"]}]},{"@type":"BreadcrumbList","@id":"https:\/\/eaa-online.org\/congress-2013\/organizers\/#breadcrumb","itemListElement":[{"@type":"ListItem","position":1,"name":"Home","item":"https:\/\/eaa-online.org\/congress-2013\/"},{"@type":"ListItem","position":2,"name":"Organizers"}]},{"@type":"WebSite","@id":"https:\/\/eaa-online.org\/congress-2013\/#website","url":"https:\/\/eaa-online.org\/congress-2013\/","name":"Congress 2013","description":"Just another EAA Sites site","potentialAction":[{"@type":"SearchAction","target":{"@type":"EntryPoint","urlTemplate":"https:\/\/eaa-online.org\/congress-2013\/?s={search_term_string}"},"query-input":"required name=search_term_string"}],"inLanguage":"en-US"}]}},"_links":{"self":[{"href":"https:\/\/eaa-online.org\/congress-2013\/wp-json\/wp\/v2\/pages\/80"}],"collection":[{"href":"https:\/\/eaa-online.org\/congress-2013\/wp-json\/wp\/v2\/pages"}],"about":[{"href":"https:\/\/eaa-online.org\/congress-2013\/wp-json\/wp\/v2\/types\/page"}],"author":[{"embeddable":true,"href":"https:\/\/eaa-online.org\/congress-2013\/wp-json\/wp\/v2\/users\/2943"}],"replies":[{"embeddable":true,"href":"https:\/\/eaa-online.org\/congress-2013\/wp-json\/wp\/v2\/comments?post=80"}],"version-history":[{"count":1,"href":"https:\/\/eaa-online.org\/congress-2013\/wp-json\/wp\/v2\/pages\/80\/revisions"}],"predecessor-version":[{"id":81,"href":"https:\/\/eaa-online.org\/congress-2013\/wp-json\/wp\/v2\/pages\/80\/revisions\/81"}],"wp:attachment":[{"href":"https:\/\/eaa-online.org\/congress-2013\/wp-json\/wp\/v2\/media?parent=80"}],"curies":[{"name":"wp","href":"https:\/\/api.w.org\/{rel}","templated":true}]}}