{"id":41,"date":"2013-05-26T13:53:27","date_gmt":"2013-05-26T13:53:27","guid":{"rendered":"https:\/\/eaa-online.org\/congress-2014\/programme-outline\/"},"modified":"2022-10-13T11:47:35","modified_gmt":"2022-10-13T11:47:35","slug":"programme-outline","status":"publish","type":"page","link":"https:\/\/eaa-online.org\/congress-2014\/programme-outline\/","title":{"rendered":"Programme Outline"},"content":{"rendered":"<table cellspacing=\"20\" cellpadding=\"1\" width=\"100%\" border=\"0\">\n<tbody>\n<tr>\n<td valign=\"top\" width=\"50%\" align=\"left\"><span style=\"font-size: x-large\"><span><span><\/p>\n<p><span><strong>Programme Outline<\/strong><\/span><\/p>\n<p>            <\/span><\/span><\/span><\/p>\n<p><span id=\"1302854232518S\"><strong><span><span style=\"font-size: larger\"><br \/>\n            <\/span><\/span><\/strong><\/span><br \/>\n            <span><strong>17-20&#160;May 2014&#160;&#160;&#160;<\/strong><\/span><span style=\"color: #000000\"><strong> <\/strong>EAA <\/span>Doctoral Colloquium, Tartu<br \/>\n            &#160;<\/p>\n<p><span style=\"font-size: small\"><span style=\"color: #0080cc\"><strong>Tuesday, 20<sup>th<\/sup> May 2014<\/strong><\/span><\/span><\/p>\n<p>14:30 &#8211; 18:30&#160;&#160; Registration at the Radisson Blu Hotel Ol\u00fcmpia Convention Centre (Ol\u00fcmpia CC)<br \/>\n            18:30 &#8211; 21:00&#160;&#160; Early Bird Reception at the Ol\u00fcmpia CC<\/p>\n<p><span style=\"font-size: small\"><span style=\"color: #0080cc\"><strong>Wednesday, 21<sup>st<\/sup> May&#160;2014<\/strong><\/span>&#160;&#160; <\/span><\/p>\n<p>            08:30 &#8211; 18:00&#160;&#160; Registration at the Ol\u00fcmpia CC<\/p>\n<p>            09:00 &#8211; 12:30&#160;&#160; PhD Forum (Ol\u00fcmpia CC, Alfa 2)<\/p>\n<p>            09:30 &#8211; 12:30&#160;&#160; IFRS Teaching session (Ol\u00fcmpia CC, Alfa 1)<\/p>\n<p>            13:00 &#8211; 13:50&#160;&#160; Opening session (Estonia Concert Hall)<br \/>\n            14:30 -&#160;16:00&#160;&#160; Parallel sessions, Research Fora, Symposium 1 (Ol\u00fcmpia CC and EBS)<br \/>\n            16:00 &#8211; 16:30&#160;&#160; Coffee break (Ol\u00fcmpia CC and EBS)<br \/>\n            16:30 &#8211; 18:00&#160; &#160;Parallel sessions, Research Fora, Symposium 2 (Ol\u00fcmpia CC and EBS)<\/p>\n<p>            19:30 &#8211; 20:00&#160;&#160;&#160;Bus transfer to the Tallinn Song&#160;Festival Grounds (buses leave from 3 central hotels)<br \/>\n            20:00 &#8211; 22:30&#160;&#160; Welcome Reception at the Tallinn Song Festival Grounds<br \/>\n            22:30 &#8211; 23:00&#160;&#160; Bus transfer back to the hotels<\/p>\n<p>            <span style=\"font-size: small\"><span style=\"color: #0080cc\"><strong>Thursday, 22<sup>nd<\/sup>&#160;May 2014<\/strong><\/span>&#160;&#160; <\/span><\/p>\n<p>            08:30 &#8211; 18:00&#160;&#160; Registration at the Ol\u00fcmpia CC<\/p>\n<p>09:00 &#8211; 10:30&#160;&#160; Parallel sessions, Research Fora, Symposium 3 (Ol\u00fcmpia CC and EBS)<br \/>\n            10:30 &#8211; 11:00&#160;&#160; Coffee break (Ol\u00fcmpia CC and EBS)<br \/>\n            11:00 &#8211; 12:30&#160;&#160; Parallel sessions, Research Fora, Symposium 4 (Ol\u00fcmpia CC and EBS)<\/p>\n<p>            12:30 &#8211; 14:30&#160;&#160; Lunch<\/p>\n<p>            14:30 &#8211; 16:00&#160;&#160; Parallel sessions, Research Fora, Symposium 5 (Ol\u00fcmpia CC and EBS)<br \/>\n            16:00 &#8211; 16:30&#160;&#160; Coffee break (Ol\u00fcmpia CC and EBS)<br \/>\n            16:30 &#8211; 18:00&#160;&#160; Parallel sessions, Research Fora, Symposium 6 (Ol\u00fcmpia CC and EBS)<\/p>\n<p><span style=\"font-size: small\"><span style=\"color: #0080cc\"><strong>Friday, 23<sup>rd<\/sup>&#160;May 2014<\/strong><\/span>&#160;&#160; <\/span><\/p>\n<p>            08:30 &#8211; 12:00&#160;&#160; Registration at the Ol\u00fcmpia CC<\/p>\n<p>09:00 &#8211; 10:30&#160;&#160; Parallel sessions, Research Fora, Symposium 7 (Ol\u00fcmpia CC and EBS)<br \/>\n            10:30 &#8211; 11:00&#160;&#160; Coffee break (Ol\u00fcmpia CC and EBS)<br \/>\n            11:00 &#8211; 12:30&#160;&#160; Parallel sessions, Research Fora, Symposium 8 (Ol\u00fcmpia CC and EBS)<\/p>\n<p>12:30 &#8211; 14:30&#160; &#160;Lunch<\/p>\n<p>14:30 &#8211; 16:00&#160;&#160; Parallel sessions, Research Fora, Symposium 9 (Ol\u00fcmpia CC and EBS)<br \/>\n            16:15 &#8211; 17:30&#160;&#160; EAA&#160;General Assembly&#160;(Ol\u00fcmpia CC)<\/p>\n<p>            19:30 &#8211; 20:00&#160;&#160; Bus transfer to the Seaplane Harbour&#160;(buses leave from 3 central hotels)<br \/>\n            20:15 &#8211; 01:00&#160;&#160; Farewell Party&#160;at the Seaplane Harbour<br \/>\n            23:30 &#8211; 01:15&#160;&#160; Bus transfer back to the hotels<\/p>\n<p>            &#160;<\/p>\n<\/td>\n<\/tr>\n<\/tbody>\n<\/table>\n<p>&#160;<\/p>\n","protected":false},"excerpt":{"rendered":"<p>Programme Outline 17-20&#160;May 2014&#160;&#160;&#160; EAA Doctoral Colloquium, Tartu &#160; Tuesday, 20th May 2014 14:30 &#8211; 18:30&#160;&#160; Registration at the Radisson Blu Hotel Ol\u00fcmpia Convention Centre (Ol\u00fcmpia CC) 18:30 &#8211; 21:00&#160;&#160; Early Bird Reception at the Ol\u00fcmpia CC Wednesday, 21st May&#160;2014&#160;&#160; 08:30 &#8211; 18:00&#160;&#160; Registration at the Ol\u00fcmpia CC 09:00 &#8211; 12:30&#160;&#160; PhD Forum (Ol\u00fcmpia CC, [&hellip;]<\/p>\n","protected":false},"author":2943,"featured_media":0,"parent":0,"menu_order":0,"comment_status":"closed","ping_status":"closed","template":"","meta":{"ngg_post_thumbnail":0},"acf":[],"yoast_head":"<!-- This site is optimized with the Yoast SEO plugin v20.12 - https:\/\/yoast.com\/wordpress\/plugins\/seo\/ -->\n<title>Programme Outline - Congress 2014<\/title>\n<meta name=\"robots\" content=\"noindex, follow, max-snippet:-1, max-image-preview:large, max-video-preview:-1\" \/>\n<meta property=\"og:locale\" content=\"en_US\" \/>\n<meta property=\"og:type\" content=\"article\" \/>\n<meta property=\"og:title\" content=\"Programme Outline - Congress 2014\" \/>\n<meta property=\"og:description\" content=\"Programme Outline 17-20&#160;May 2014&#160;&#160;&#160; EAA Doctoral Colloquium, Tartu &#160; Tuesday, 20th May 2014 14:30 &#8211; 18:30&#160;&#160; Registration at the Radisson Blu Hotel Ol\u00fcmpia Convention Centre (Ol\u00fcmpia CC) 18:30 &#8211; 21:00&#160;&#160; Early Bird Reception at the Ol\u00fcmpia CC Wednesday, 21st May&#160;2014&#160;&#160; 08:30 &#8211; 18:00&#160;&#160; Registration at the Ol\u00fcmpia CC 09:00 &#8211; 12:30&#160;&#160; PhD Forum (Ol\u00fcmpia CC, [&hellip;]\" \/>\n<meta property=\"og:url\" content=\"https:\/\/eaa-online.org\/congress-2014\/programme-outline\/\" \/>\n<meta property=\"og:site_name\" content=\"Congress 2014\" \/>\n<meta property=\"article:modified_time\" content=\"2022-10-13T11:47:35+00:00\" \/>\n<meta name=\"twitter:card\" content=\"summary_large_image\" \/>\n<meta name=\"twitter:label1\" content=\"Est. reading time\" \/>\n\t<meta name=\"twitter:data1\" content=\"1 minute\" \/>\n<script type=\"application\/ld+json\" class=\"yoast-schema-graph\">{\"@context\":\"https:\/\/schema.org\",\"@graph\":[{\"@type\":\"WebPage\",\"@id\":\"https:\/\/eaa-online.org\/congress-2014\/programme-outline\/\",\"url\":\"https:\/\/eaa-online.org\/congress-2014\/programme-outline\/\",\"name\":\"Programme Outline - Congress 2014\",\"isPartOf\":{\"@id\":\"https:\/\/eaa-online.org\/congress-2014\/#website\"},\"datePublished\":\"2013-05-26T13:53:27+00:00\",\"dateModified\":\"2022-10-13T11:47:35+00:00\",\"breadcrumb\":{\"@id\":\"https:\/\/eaa-online.org\/congress-2014\/programme-outline\/#breadcrumb\"},\"inLanguage\":\"en-US\",\"potentialAction\":[{\"@type\":\"ReadAction\",\"target\":[\"https:\/\/eaa-online.org\/congress-2014\/programme-outline\/\"]}]},{\"@type\":\"BreadcrumbList\",\"@id\":\"https:\/\/eaa-online.org\/congress-2014\/programme-outline\/#breadcrumb\",\"itemListElement\":[{\"@type\":\"ListItem\",\"position\":1,\"name\":\"Home\",\"item\":\"https:\/\/eaa-online.org\/congress-2014\/\"},{\"@type\":\"ListItem\",\"position\":2,\"name\":\"Programme Outline\"}]},{\"@type\":\"WebSite\",\"@id\":\"https:\/\/eaa-online.org\/congress-2014\/#website\",\"url\":\"https:\/\/eaa-online.org\/congress-2014\/\",\"name\":\"Congress 2014\",\"description\":\"Just another EAA Sites site\",\"potentialAction\":[{\"@type\":\"SearchAction\",\"target\":{\"@type\":\"EntryPoint\",\"urlTemplate\":\"https:\/\/eaa-online.org\/congress-2014\/?s={search_term_string}\"},\"query-input\":\"required name=search_term_string\"}],\"inLanguage\":\"en-US\"}]}<\/script>\n<!-- \/ Yoast SEO plugin. -->","yoast_head_json":{"title":"Programme Outline - Congress 2014","robots":{"index":"noindex","follow":"follow","max-snippet":"max-snippet:-1","max-image-preview":"max-image-preview:large","max-video-preview":"max-video-preview:-1"},"og_locale":"en_US","og_type":"article","og_title":"Programme Outline - Congress 2014","og_description":"Programme Outline 17-20&#160;May 2014&#160;&#160;&#160; EAA Doctoral Colloquium, Tartu &#160; Tuesday, 20th May 2014 14:30 &#8211; 18:30&#160;&#160; Registration at the Radisson Blu Hotel Ol\u00fcmpia Convention Centre (Ol\u00fcmpia CC) 18:30 &#8211; 21:00&#160;&#160; Early Bird Reception at the Ol\u00fcmpia CC Wednesday, 21st May&#160;2014&#160;&#160; 08:30 &#8211; 18:00&#160;&#160; Registration at the Ol\u00fcmpia CC 09:00 &#8211; 12:30&#160;&#160; PhD Forum (Ol\u00fcmpia CC, [&hellip;]","og_url":"https:\/\/eaa-online.org\/congress-2014\/programme-outline\/","og_site_name":"Congress 2014","article_modified_time":"2022-10-13T11:47:35+00:00","twitter_card":"summary_large_image","twitter_misc":{"Est. reading time":"1 minute"},"schema":{"@context":"https:\/\/schema.org","@graph":[{"@type":"WebPage","@id":"https:\/\/eaa-online.org\/congress-2014\/programme-outline\/","url":"https:\/\/eaa-online.org\/congress-2014\/programme-outline\/","name":"Programme Outline - Congress 2014","isPartOf":{"@id":"https:\/\/eaa-online.org\/congress-2014\/#website"},"datePublished":"2013-05-26T13:53:27+00:00","dateModified":"2022-10-13T11:47:35+00:00","breadcrumb":{"@id":"https:\/\/eaa-online.org\/congress-2014\/programme-outline\/#breadcrumb"},"inLanguage":"en-US","potentialAction":[{"@type":"ReadAction","target":["https:\/\/eaa-online.org\/congress-2014\/programme-outline\/"]}]},{"@type":"BreadcrumbList","@id":"https:\/\/eaa-online.org\/congress-2014\/programme-outline\/#breadcrumb","itemListElement":[{"@type":"ListItem","position":1,"name":"Home","item":"https:\/\/eaa-online.org\/congress-2014\/"},{"@type":"ListItem","position":2,"name":"Programme Outline"}]},{"@type":"WebSite","@id":"https:\/\/eaa-online.org\/congress-2014\/#website","url":"https:\/\/eaa-online.org\/congress-2014\/","name":"Congress 2014","description":"Just another EAA Sites site","potentialAction":[{"@type":"SearchAction","target":{"@type":"EntryPoint","urlTemplate":"https:\/\/eaa-online.org\/congress-2014\/?s={search_term_string}"},"query-input":"required name=search_term_string"}],"inLanguage":"en-US"}]}},"_links":{"self":[{"href":"https:\/\/eaa-online.org\/congress-2014\/wp-json\/wp\/v2\/pages\/41"}],"collection":[{"href":"https:\/\/eaa-online.org\/congress-2014\/wp-json\/wp\/v2\/pages"}],"about":[{"href":"https:\/\/eaa-online.org\/congress-2014\/wp-json\/wp\/v2\/types\/page"}],"author":[{"embeddable":true,"href":"https:\/\/eaa-online.org\/congress-2014\/wp-json\/wp\/v2\/users\/2943"}],"replies":[{"embeddable":true,"href":"https:\/\/eaa-online.org\/congress-2014\/wp-json\/wp\/v2\/comments?post=41"}],"version-history":[{"count":1,"href":"https:\/\/eaa-online.org\/congress-2014\/wp-json\/wp\/v2\/pages\/41\/revisions"}],"predecessor-version":[{"id":42,"href":"https:\/\/eaa-online.org\/congress-2014\/wp-json\/wp\/v2\/pages\/41\/revisions\/42"}],"wp:attachment":[{"href":"https:\/\/eaa-online.org\/congress-2014\/wp-json\/wp\/v2\/media?parent=41"}],"curies":[{"name":"wp","href":"https:\/\/api.w.org\/{rel}","templated":true}]}}