{"id":4,"date":"2021-07-29T12:08:01","date_gmt":"2021-07-29T12:08:01","guid":{"rendered":"https:\/\/eaa-online.org\/congress-2022\/?page_id=4"},"modified":"2026-02-19T21:26:51","modified_gmt":"2026-02-19T21:26:51","slug":"homepage","status":"publish","type":"page","link":"https:\/\/eaa-online.org\/congress-2022\/","title":{"rendered":"Homepage"},"content":{"rendered":"<table style=\"width: 95.2139%; height: 776px;\" width=\"100%\">\n<tbody>\n<tr>\n<td style=\"width: 60%;\" align=\"left\" valign=\"top\" width=\"60%\">\n<table width=\"100%\">\n<tbody>\n<tr>\n<td width=\"60%\">Dear Colleagues,<\/p>\n<p>Welcome to the 44<sup>th&nbsp;<\/sup>Annual Congress of the European Accounting Association:<\/p>\n<ul>\n<li><strong>May 11-13, 2022 i<\/strong>n&nbsp;<strong>Bergen (Norway)<\/strong>&nbsp;\u2013 gateway to the fjords and beautifully located between seven mountains with picturesque viking- and Unesco world heritage-buildings.<\/li>\n<li>Hosted by&nbsp;<strong>NHH Norwegian School of Economics<\/strong>&nbsp;\u2013 the top business school in Norway, and currently ranked as No 1 in accounting research in the Nordics.<\/li>\n<li>The&nbsp;<strong>Doctoral Colloquium<\/strong>&nbsp;will take place at beautiful, historical&nbsp;<strong>Solstrand Hotel \u2013&nbsp;<\/strong>at the beachfront in Os, 30 km from Bergen, overlooking the fjords and with glaciers in the distance<strong>&nbsp;\u2013<\/strong>&nbsp;&nbsp;&nbsp;<strong>May 7-10, 2022.<\/strong><\/li>\n<li>When you sign up for the conference you may also&nbsp;<strong>pre-book&nbsp;<\/strong>(capacity restrictions)\n<ul>\n<li>Dinner at spectacular&nbsp;<strong><u>Ulriken&nbsp;<\/u><\/strong>mountains including cablecar<\/li>\n<li>Dinner at historical&nbsp;<a href=\"https:\/\/order.gastroplanner.no\/s\/SMLP1\" target=\"_blank\" rel=\"noopener\"><strong><u>Bryggen<\/u><\/strong><\/a>&nbsp;(UNESCO) including sightseeing<\/li>\n<li>Dinner at mountain&nbsp;<a href=\"https:\/\/order.gastroplanner.no\/s\/BBMYD\" target=\"_blank\" rel=\"noopener\"><strong><u>Fl\u00f8ien&nbsp;<\/u><\/strong><\/a>including cablecar\/train<\/li>\n<li>Buffet-dinner on a boat-trip on the&nbsp;<strong><u><a href=\"https:\/\/maritimetours.screenbooking.com\/Tour\/2359?c=en\" target=\"_blank\" rel=\"noopener\">fjords<\/a>.<\/u><\/strong><\/li>\n<\/ul>\n<\/li>\n<li>You may also pre-book a limited number of&nbsp;<strong>hotel rooms at favorable prices<\/strong>&nbsp;at centrally located&nbsp;<a href=\"https:\/\/book.zanderk.no\/v2\/widget\/WidgetNewWindowStart?channelId=9fab457c-fc7f-4f76-aee4-b2f9f47fce27&amp;culture=nb&amp;campaignId=b3ae0638-7cc5-4536-b433-03a642e5ceb8&amp;promoCode=EAA2022G\" target=\"_blank\" rel=\"noopener\">Zander K<\/a><\/li>\n<li>If you want to stay over the&nbsp;<strong>weekend<\/strong>; you may also pre-book beautiful trips to the fjords; e.g. \u2018<strong><a href=\"https:\/\/www.norwaynutshell.com\/original-tour\/\" target=\"_blank\" rel=\"noopener\">Norway in a nutshell<\/a>\u2019&nbsp;<\/strong>including Voss, Fl\u00e5m railway, N\u00e6r\u00f8yfjord (UNESCO).<\/li>\n<\/ul>\n<p>Welcome \u2013 sign up \u2013 hope to see you all!<br \/>\nSign up early! We have had to set a maximum for number of participants.<\/p>\n<p>On behalf of the EAA 2022 Organizing Committee<br \/>\nFinn Kinserdal, Chair<br \/>\nNHH Norwegian School of Economics<\/p>\n<p>&nbsp;<\/td>\n<\/tr>\n<\/tbody>\n<\/table>\n<\/td>\n<td style=\"width: 38.9262%;\"><img decoding=\"async\" loading=\"lazy\" class=\"alignnone wp-image-1258 size-full\" src=\"https:\/\/eaa-online.org\/app\/uploads\/sites\/6\/2026\/02\/home-page-eaa-2022-pics.jpg\" alt=\"\" width=\"231\" height=\"539\" srcset=\"https:\/\/eaa-online.org\/app\/uploads\/sites\/6\/2026\/02\/home-page-eaa-2022-pics.jpg 231w, https:\/\/eaa-online.org\/app\/uploads\/sites\/6\/2026\/02\/home-page-eaa-2022-pics-129x300.jpg 129w\" sizes=\"(max-width: 231px) 100vw, 231px\" \/><img decoding=\"async\" src=\"https:\/\/eaa2022.eaacongress.org\/UserFiles\/Screenshot%202022-02-15%20150002.png\" alt=\"\"><\/td>\n<\/tr>\n<\/tbody>\n<\/table>\n","protected":false},"excerpt":{"rendered":"<p>Dear Colleagues, Welcome to the 44th&nbsp;Annual Congress of the European Accounting Association: May 11-13, 2022 in&nbsp;Bergen (Norway)&nbsp;\u2013 gateway to the fjords and beautifully located between seven mountains with picturesque viking- and Unesco world heritage-buildings. Hosted by&nbsp;NHH Norwegian School of Economics&nbsp;\u2013 the top business school in Norway, and currently ranked as No 1 in accounting research [&hellip;]<\/p>\n","protected":false},"author":2943,"featured_media":0,"parent":0,"menu_order":0,"comment_status":"closed","ping_status":"closed","template":"","meta":{"ngg_post_thumbnail":0},"acf":[],"yoast_head":"<!-- This site is optimized with the Yoast SEO plugin v20.12 - https:\/\/yoast.com\/wordpress\/plugins\/seo\/ -->\n<title>Homepage - EAA Congress 2022<\/title>\n<meta name=\"robots\" content=\"noindex, follow, max-snippet:-1, max-image-preview:large, max-video-preview:-1\" \/>\n<meta property=\"og:locale\" content=\"en_US\" \/>\n<meta property=\"og:type\" content=\"article\" \/>\n<meta property=\"og:title\" content=\"Homepage - EAA Congress 2022\" \/>\n<meta property=\"og:description\" content=\"Dear Colleagues, Welcome to the 44th&nbsp;Annual Congress of the European Accounting Association: May 11-13, 2022 in&nbsp;Bergen (Norway)&nbsp;\u2013 gateway to the fjords and beautifully located between seven mountains with picturesque viking- and Unesco world heritage-buildings. Hosted by&nbsp;NHH Norwegian School of Economics&nbsp;\u2013 the top business school in Norway, and currently ranked as No 1 in accounting research [&hellip;]\" \/>\n<meta property=\"og:url\" content=\"https:\/\/eaa-online.org\/congress-2022\/\" \/>\n<meta property=\"og:site_name\" content=\"EAA Congress 2022\" \/>\n<meta property=\"article:modified_time\" content=\"2026-02-19T21:26:51+00:00\" \/>\n<meta property=\"og:image\" content=\"https:\/\/eaa-online.org\/app\/uploads\/sites\/6\/2026\/02\/home-page-eaa-2022-pics.jpg\" \/>\n<meta name=\"twitter:card\" content=\"summary_large_image\" \/>\n<meta name=\"twitter:label1\" content=\"Est. reading time\" \/>\n\t<meta name=\"twitter:data1\" content=\"2 minutes\" \/>\n<script type=\"application\/ld+json\" class=\"yoast-schema-graph\">{\"@context\":\"https:\/\/schema.org\",\"@graph\":[{\"@type\":\"WebPage\",\"@id\":\"https:\/\/eaa-online.org\/congress-2022\/\",\"url\":\"https:\/\/eaa-online.org\/congress-2022\/\",\"name\":\"Homepage - EAA Congress 2022\",\"isPartOf\":{\"@id\":\"https:\/\/eaa-online.org\/congress-2022\/#website\"},\"datePublished\":\"2021-07-29T12:08:01+00:00\",\"dateModified\":\"2026-02-19T21:26:51+00:00\",\"inLanguage\":\"en-US\",\"potentialAction\":[{\"@type\":\"ReadAction\",\"target\":[\"https:\/\/eaa-online.org\/congress-2022\/\"]}]},{\"@type\":\"WebSite\",\"@id\":\"https:\/\/eaa-online.org\/congress-2022\/#website\",\"url\":\"https:\/\/eaa-online.org\/congress-2022\/\",\"name\":\"EAA Congress 2022\",\"description\":\"Just another EAA Sites site\",\"potentialAction\":[{\"@type\":\"SearchAction\",\"target\":{\"@type\":\"EntryPoint\",\"urlTemplate\":\"https:\/\/eaa-online.org\/congress-2022\/?s={search_term_string}\"},\"query-input\":\"required name=search_term_string\"}],\"inLanguage\":\"en-US\"}]}<\/script>\n<!-- \/ Yoast SEO plugin. -->","yoast_head_json":{"title":"Homepage - EAA Congress 2022","robots":{"index":"noindex","follow":"follow","max-snippet":"max-snippet:-1","max-image-preview":"max-image-preview:large","max-video-preview":"max-video-preview:-1"},"og_locale":"en_US","og_type":"article","og_title":"Homepage - EAA Congress 2022","og_description":"Dear Colleagues, Welcome to the 44th&nbsp;Annual Congress of the European Accounting Association: May 11-13, 2022 in&nbsp;Bergen (Norway)&nbsp;\u2013 gateway to the fjords and beautifully located between seven mountains with picturesque viking- and Unesco world heritage-buildings. Hosted by&nbsp;NHH Norwegian School of Economics&nbsp;\u2013 the top business school in Norway, and currently ranked as No 1 in accounting research [&hellip;]","og_url":"https:\/\/eaa-online.org\/congress-2022\/","og_site_name":"EAA Congress 2022","article_modified_time":"2026-02-19T21:26:51+00:00","og_image":[{"url":"https:\/\/eaa-online.org\/app\/uploads\/sites\/6\/2026\/02\/home-page-eaa-2022-pics.jpg"}],"twitter_card":"summary_large_image","twitter_misc":{"Est. reading time":"2 minutes"},"schema":{"@context":"https:\/\/schema.org","@graph":[{"@type":"WebPage","@id":"https:\/\/eaa-online.org\/congress-2022\/","url":"https:\/\/eaa-online.org\/congress-2022\/","name":"Homepage - EAA Congress 2022","isPartOf":{"@id":"https:\/\/eaa-online.org\/congress-2022\/#website"},"datePublished":"2021-07-29T12:08:01+00:00","dateModified":"2026-02-19T21:26:51+00:00","inLanguage":"en-US","potentialAction":[{"@type":"ReadAction","target":["https:\/\/eaa-online.org\/congress-2022\/"]}]},{"@type":"WebSite","@id":"https:\/\/eaa-online.org\/congress-2022\/#website","url":"https:\/\/eaa-online.org\/congress-2022\/","name":"EAA Congress 2022","description":"Just another EAA Sites site","potentialAction":[{"@type":"SearchAction","target":{"@type":"EntryPoint","urlTemplate":"https:\/\/eaa-online.org\/congress-2022\/?s={search_term_string}"},"query-input":"required name=search_term_string"}],"inLanguage":"en-US"}]}},"_links":{"self":[{"href":"https:\/\/eaa-online.org\/congress-2022\/wp-json\/wp\/v2\/pages\/4"}],"collection":[{"href":"https:\/\/eaa-online.org\/congress-2022\/wp-json\/wp\/v2\/pages"}],"about":[{"href":"https:\/\/eaa-online.org\/congress-2022\/wp-json\/wp\/v2\/types\/page"}],"author":[{"embeddable":true,"href":"https:\/\/eaa-online.org\/congress-2022\/wp-json\/wp\/v2\/users\/2943"}],"replies":[{"embeddable":true,"href":"https:\/\/eaa-online.org\/congress-2022\/wp-json\/wp\/v2\/comments?post=4"}],"version-history":[{"count":30,"href":"https:\/\/eaa-online.org\/congress-2022\/wp-json\/wp\/v2\/pages\/4\/revisions"}],"predecessor-version":[{"id":1259,"href":"https:\/\/eaa-online.org\/congress-2022\/wp-json\/wp\/v2\/pages\/4\/revisions\/1259"}],"wp:attachment":[{"href":"https:\/\/eaa-online.org\/congress-2022\/wp-json\/wp\/v2\/media?parent=4"}],"curies":[{"name":"wp","href":"https:\/\/api.w.org\/{rel}","templated":true}]}}