{"id":163,"date":"2021-08-23T13:50:17","date_gmt":"2021-08-23T13:50:17","guid":{"rendered":"https:\/\/eaa-online.org\/congress-2024\/?page_id=163"},"modified":"2024-05-02T16:38:23","modified_gmt":"2024-05-02T16:38:23","slug":"congress-venue","status":"publish","type":"page","link":"https:\/\/eaa-online.org\/congress-2024\/congress-venue\/","title":{"rendered":"Congress Venues"},"content":{"rendered":"<p style=\"text-align: justify;\">The Congress takes place at two 5-star hotels located in the center of Bucharest \u2013 the <a href=\"https:\/\/www.atheneepalace-hotel.ro\/en\/\" target=\"_blank\" rel=\"noopener\">InterContinental Ath\u00e9n\u00e9e Palace Bucharest<\/a> and the <a href=\"https:\/\/www.radissonhotels.com\/en-us\/hotels\/radisson-blu-bucharest\" target=\"_blank\" rel=\"noopener\">Radisson Blu<\/a>. The two hotels are across the street from each other and together reflect the architectural diversity of Bucharest \u2013 the centennial Art Nouveau building of the InterContinental Ath\u00e9n\u00e9e Palace is perfectly complemented by the Radisson Blu\u2019s modern glass building. The two congress venues are within walking distance from the Old Town and various cultural attractions such as the magnificent <a href=\"https:\/\/www.fge.org.ro\/en\" target=\"_blank\" rel=\"noopener\">Romanian Athenaeum<\/a>, the location of the Opening Session.<\/p>\n<p>The congress venues are easily reached by public and private transportation, from the Henri Coand\u0103 Airport (bus number 100, train to North Railway Station then bus or metro; taxis, ride-sharing apps), and from any part of the city.<\/p>\n<p style=\"text-align: justify;\"><img decoding=\"async\" loading=\"lazy\" class=\"aligncenter wp-image-1655 size-full\" src=\"https:\/\/eaa-online.org\/app\/uploads\/sites\/76\/2023\/08\/picture2.png\" alt=\"\" width=\"650\" height=\"323\" srcset=\"https:\/\/eaa-online.org\/app\/uploads\/sites\/76\/2023\/08\/picture2.png 650w, https:\/\/eaa-online.org\/app\/uploads\/sites\/76\/2023\/08\/picture2-300x149.png 300w\" sizes=\"(max-width: 650px) 100vw, 650px\" \/><\/p>\n<p style=\"text-align: justify;\">&nbsp;<\/p>\n<p style=\"text-align: justify;\"><a href=\"https:\/\/www.atheneepalace-hotel.ro\/en\/\" target=\"_blank\" rel=\"noopener\">InterContinental Ath\u00e9n\u00e9e Palace Bucharest<\/a><\/p>\n<p style=\"text-align: justify;\">Dating back to 1914, the hotel has maintained a status of legendary magnitudes in over a century of high-class hospitality and has been voted by World Travel Awards as Romania\u2019s Leading Hotel for three consecutive years (2016, 2017 &amp; 2018). Its outstanding lobby, <strong>Les Colonnades<\/strong>, with the marble columns and luxurious chandeliers, is a symbol of the Belle \u00c9poque architecture, while the awe-inspiring <strong>Le Diplomate Ballroom<\/strong>, a national heritage monument, represents a remarkable space for a wide range of events.<\/p>\n<p style=\"text-align: justify;\">This art nouveau-style hotel, with suites decorated in the Louis XIV style inspired by the recurring styles in France and England at the time, was mostly frequented by the high society of the interwar Europe. In the 1940s, the Ath\u00e9n\u00e9e Palace hotel was one of Europe\u2019s most cosmopolitan places, bringing together members of the royal family and renowned journalists and writers. It was the Newsweek headquarters in Bucharest during the World War One, and an espionage hotspot, during the World War Two, thanks to the special ceiling and walls which echo the sound perfectly.<\/p>\n<p style=\"text-align: justify;\"><strong>Dining<\/strong><\/p>\n<p style=\"text-align: justify;\">Indulge your taste buds in one of the hotel\u2019s dining venues: savor Romanian and international specialties at <strong>Caf\u00e9 Ath\u00e9n\u00e9e<\/strong> bistro or sample flavors of the authentic Italian cuisine at <strong>Roberto\u2019s<\/strong> restaurant. <strong>English Bar<\/strong> offers a great selection of old whiskies in a peaceful ambience, while <strong>Roberto\u2019s on La Strada<\/strong> terrace features refreshing dishes and cocktails during spring and summer months.<\/p>\n<p style=\"text-align: justify;\"><strong>Testimonials from Old Times\u2026<\/strong><\/p>\n<p style=\"text-align: justify;\">During World War One, Ernst Latham adds, Ath\u00e9n\u00e9e Palace was a front-page hotel: \u2018Romania was a country with a fantastic historical positioning and the only European country where journalists from the neutral or allied parties could work in.\u2019 If the German army was going South, it had to do it via Romania. If it was going East, it had to take the USSR route and set camp in Romania. In fact, Romania might have been one of history\u2019s capitals. Here, at Ath\u00e9n\u00e9e Palace Hotel, there was considerable political intrigue.\u2019 The information overload at Ath\u00e9n\u00e9e Palace Hotel is portrayed by Newsweek correspondent in Bucharest, Baroness Ath\u00e9n\u00e9e De Waldeck, who lived in the hotel throughout the most traumatising 7 months in the history of Romania.<\/p>\n<p><img decoding=\"async\" loading=\"lazy\" class=\"aligncenter wp-image-1658 size-full\" src=\"https:\/\/eaa-online.org\/app\/uploads\/sites\/76\/2023\/08\/picture3.png\" alt=\"\" width=\"462\" height=\"278\" srcset=\"https:\/\/eaa-online.org\/app\/uploads\/sites\/76\/2023\/08\/picture3.png 462w, https:\/\/eaa-online.org\/app\/uploads\/sites\/76\/2023\/08\/picture3-300x181.png 300w\" sizes=\"(max-width: 462px) 100vw, 462px\" \/><\/p>\n<p><img decoding=\"async\" loading=\"lazy\" class=\"aligncenter wp-image-1657 size-full\" src=\"https:\/\/eaa-online.org\/app\/uploads\/sites\/76\/2023\/08\/picture4.jpg\" alt=\"\" width=\"1217\" height=\"557\" srcset=\"https:\/\/eaa-online.org\/app\/uploads\/sites\/76\/2023\/08\/picture4.jpg 1217w, https:\/\/eaa-online.org\/app\/uploads\/sites\/76\/2023\/08\/picture4-300x137.jpg 300w, https:\/\/eaa-online.org\/app\/uploads\/sites\/76\/2023\/08\/picture4-1024x469.jpg 1024w, https:\/\/eaa-online.org\/app\/uploads\/sites\/76\/2023\/08\/picture4-768x352.jpg 768w\" sizes=\"(max-width: 1217px) 100vw, 1217px\" \/><\/p>\n<p style=\"text-align: justify;\"><img decoding=\"async\" loading=\"lazy\" class=\"aligncenter wp-image-1656 size-full\" src=\"https:\/\/eaa-online.org\/app\/uploads\/sites\/76\/2023\/08\/picture5.jpg\" alt=\"\" width=\"991\" height=\"660\" srcset=\"https:\/\/eaa-online.org\/app\/uploads\/sites\/76\/2023\/08\/picture5.jpg 991w, https:\/\/eaa-online.org\/app\/uploads\/sites\/76\/2023\/08\/picture5-300x200.jpg 300w, https:\/\/eaa-online.org\/app\/uploads\/sites\/76\/2023\/08\/picture5-768x511.jpg 768w\" sizes=\"(max-width: 991px) 100vw, 991px\" \/><\/p>\n<p style=\"text-align: justify;\">&nbsp;<\/p>\n<p style=\"text-align: justify;\"><a href=\"https:\/\/radisson-blu-bucharest.bucharest-hotel.com\/en\/\" target=\"_blank\" rel=\"noopener\">Radisson Blu<\/a> Bucharest<\/p>\n<p style=\"text-align: justify;\">Featuring elegant architecture, Radisson Blu Bucharest Hotel occupies an 8-story building opened in 2008. Welcoming guests with a casino, a seasonal outdoor pool and a rooftop terrace, Radisson Blu is Bucharest\u2019s largest 5-star hotel. Hotel guests may also make use of the fitness offerings in the World Class Health Academy. The hotel\u2019s outdoor pool and extensive garden are perfect for relaxing in. Nine bars and restaurants offer a rich variety of international cuisine.<\/p>\n<p style=\"text-align: justify;\"><strong>Upscale Dining in the Bucharest City Center<\/strong><\/p>\n<p style=\"text-align: justify;\">Radisson Blu Hotel Bucharest hosts various outlets that are meant to cover the most exigent and diverse tastes. <strong>Dacia Felix Restaurant<\/strong> situated in the lobby is the perfect location for breakfast, conferences and group meals. <strong>Prime Steaks and Seafood<\/strong> is an exquisite restaurant with a glass enclosed kitchen and a walk-in wine cellar, where specialties are carefully prepared by our Chef. <strong>Caff\u00e9 Citt\u00e0<\/strong> restaurant invites to an authentic Italian experience in matters of taste and atmosphere. An outdoor terrace is open during the summer season, allowing guests to savor Italian flavors in an al fresco setting. <strong>Ginger Sushi Bar &amp; Lounge<\/strong> offers a large variety of Asian cuisine and is associated with perfect taste and extraordinary dishes prepared by experienced Asian Chefs. In summer time, <strong>Prime Summer Garden<\/strong> offers a relaxed, cozy party atmosphere, right in the heart of the city, away from the exciting rhythm of the urban life. The warm, friendly atmosphere at <strong>Sharkia<\/strong> perfectly complements its fresh and authentic East Mediterranean cuisine. Easily accessible for guests, the venue is located at the nearby Park Inn by Radisson Bucharest Hotel &amp; Residence.&nbsp;The variety of restaurants and bars makes them ideal places for leisure or for business meetings.<\/p>\n<p style=\"text-align: justify;\"><img decoding=\"async\" loading=\"lazy\" class=\"aligncenter wp-image-1659 size-full\" src=\"https:\/\/eaa-online.org\/app\/uploads\/sites\/76\/2023\/08\/picture6.jpg\" alt=\"\" width=\"1097\" height=\"828\" srcset=\"https:\/\/eaa-online.org\/app\/uploads\/sites\/76\/2023\/08\/picture6.jpg 1097w, https:\/\/eaa-online.org\/app\/uploads\/sites\/76\/2023\/08\/picture6-300x226.jpg 300w, https:\/\/eaa-online.org\/app\/uploads\/sites\/76\/2023\/08\/picture6-1024x773.jpg 1024w, https:\/\/eaa-online.org\/app\/uploads\/sites\/76\/2023\/08\/picture6-768x580.jpg 768w\" sizes=\"(max-width: 1097px) 100vw, 1097px\" \/><\/p>\n<p style=\"text-align: justify;\"><img decoding=\"async\" loading=\"lazy\" class=\"aligncenter wp-image-1660 size-full\" src=\"https:\/\/eaa-online.org\/app\/uploads\/sites\/76\/2023\/08\/picture7.jpg\" alt=\"\" width=\"1073\" height=\"708\" srcset=\"https:\/\/eaa-online.org\/app\/uploads\/sites\/76\/2023\/08\/picture7.jpg 1073w, https:\/\/eaa-online.org\/app\/uploads\/sites\/76\/2023\/08\/picture7-300x198.jpg 300w, https:\/\/eaa-online.org\/app\/uploads\/sites\/76\/2023\/08\/picture7-1024x676.jpg 1024w, https:\/\/eaa-online.org\/app\/uploads\/sites\/76\/2023\/08\/picture7-768x507.jpg 768w\" sizes=\"(max-width: 1073px) 100vw, 1073px\" \/><\/p>\n<p style=\"text-align: justify;\"><img decoding=\"async\" loading=\"lazy\" class=\"aligncenter wp-image-1661 size-full\" src=\"https:\/\/eaa-online.org\/app\/uploads\/sites\/76\/2023\/08\/picture8.jpg\" alt=\"\" width=\"1148\" height=\"755\" srcset=\"https:\/\/eaa-online.org\/app\/uploads\/sites\/76\/2023\/08\/picture8.jpg 1148w, https:\/\/eaa-online.org\/app\/uploads\/sites\/76\/2023\/08\/picture8-300x197.jpg 300w, https:\/\/eaa-online.org\/app\/uploads\/sites\/76\/2023\/08\/picture8-1024x673.jpg 1024w, https:\/\/eaa-online.org\/app\/uploads\/sites\/76\/2023\/08\/picture8-768x505.jpg 768w\" sizes=\"(max-width: 1148px) 100vw, 1148px\" \/><\/p>\n<p style=\"text-align: justify;\"><strong>&nbsp;<\/strong><\/p>\n<p style=\"text-align: justify;\"><a href=\"https:\/\/www.fge.org.ro\/en\" target=\"_blank\" rel=\"noopener\">The Romanian Athenaeum<\/a><\/p>\n<p style=\"text-align: justify;\">The Romanian Athenaeum, renowned worldwide for its outstanding acoustics, is Bucharest&#8217;s most prestigious concert hall and the seat of the Romanian George Enescu Philharmonic. A cultural symbol of the nation and a prominent center of art and science, the Romanian Athenaeum was granted the European Heritage Label in 2007. <a href=\"http:\/\/www.bach-cantatas.com\/Bio\/Enescu-George.htm\" target=\"_blank\" rel=\"noopener\">George Enescu<\/a> (known in France as Georges Enesco) is probably Romania\u2019s most important musician. A child prodigy, Enescu started composing at the age of 5, and at 10 he played at the Court of Vienna, in the presence of Emperor Franz Joseph. He lived most of his adult life in Paris and conducted orchestras all over the world. His most popular compositions are the Romanian Rhapsodies Op. 11 (Rhapsody No. 1 in A Major and Rhapsody No. 2 in D major).<\/p>\n<p style=\"text-align: justify;\">Begun in 1865 and inaugurated in 1888 to serve the activity of the Romanian Athenaeum Cultural Society, the construction of the Athenaeum continued until 1897. For 130 years the Romanian Athenaeum witnessed the work of the most famous artists, conductors and classical musicians. It is the place where, in 1903, the composer George Enescu conducted for the first time his two famous Romanian Rhapsodies.<\/p>\n<p style=\"text-align: justify;\">With a sublime baroque cupola, the Athenaeum stands at the heart of the city, neighboring the Royal Palace and the Old National Library, along the <em>Calea Victoriei<\/em> Boulevard. From the outside, six Ionic style columns are decorated with mosaic medallions of four Romanian voivodes and of the King Carol I. The masterpiece of the entrance hall is the four winding stairs of Carrara pink marble, surrounded by 12 columns and decorative sculptures. Nevertheless, the most impressive place of the Athenaeum is the Auditorium Hall, shaped as a dome. 16 meters high, 28.50 meters in diameter and seating almost 800 people, the Hall is decorated with 25 scenes of Romanian history displayed round about on a 210 square meters fresco.<\/p>\n<p style=\"text-align: justify;\">The building of the Romanian Athenaeum resisted the bombardments during the World War II, while most of the surrounding buildings were destroyed. During the communist times, both the fresco and the mosaic medallions were hidden under a 75 meters-long curtain and five wooden caps.<\/p>\n<p style=\"text-align: justify;\">Every other year, in September of odd years, the <a href=\"https:\/\/www.festivalenescu.ro\/en\/\" target=\"_blank\" rel=\"noopener\">George Enescu International Festival<\/a>, hosted by Romanian Athenaeum, brings to Bucharest an impressive number of the most valuable musicians of the world, performing in over 80 different events.<\/p>\n<p style=\"text-align: justify;\"><strong> <img decoding=\"async\" loading=\"lazy\" class=\"aligncenter wp-image-1663 size-full\" src=\"https:\/\/eaa-online.org\/app\/uploads\/sites\/76\/2023\/08\/picture9.jpg\" alt=\"\" width=\"1035\" height=\"776\" srcset=\"https:\/\/eaa-online.org\/app\/uploads\/sites\/76\/2023\/08\/picture9.jpg 1035w, https:\/\/eaa-online.org\/app\/uploads\/sites\/76\/2023\/08\/picture9-300x225.jpg 300w, https:\/\/eaa-online.org\/app\/uploads\/sites\/76\/2023\/08\/picture9-1024x768.jpg 1024w, https:\/\/eaa-online.org\/app\/uploads\/sites\/76\/2023\/08\/picture9-768x576.jpg 768w\" sizes=\"(max-width: 1035px) 100vw, 1035px\" \/><\/strong><\/p>\n<p style=\"text-align: justify;\"><img decoding=\"async\" loading=\"lazy\" class=\"aligncenter wp-image-1664 size-full\" src=\"https:\/\/eaa-online.org\/app\/uploads\/sites\/76\/2023\/08\/picture10.png\" alt=\"\" width=\"481\" height=\"250\" srcset=\"https:\/\/eaa-online.org\/app\/uploads\/sites\/76\/2023\/08\/picture10.png 481w, https:\/\/eaa-online.org\/app\/uploads\/sites\/76\/2023\/08\/picture10-300x156.png 300w\" sizes=\"(max-width: 481px) 100vw, 481px\" \/><\/p>\n<p><img decoding=\"async\" loading=\"lazy\" class=\"aligncenter wp-image-1665 size-full\" src=\"https:\/\/eaa-online.org\/app\/uploads\/sites\/76\/2023\/08\/picture11.png\" alt=\"\" width=\"561\" height=\"281\" srcset=\"https:\/\/eaa-online.org\/app\/uploads\/sites\/76\/2023\/08\/picture11.png 561w, https:\/\/eaa-online.org\/app\/uploads\/sites\/76\/2023\/08\/picture11-300x150.png 300w\" sizes=\"(max-width: 561px) 100vw, 561px\" \/><\/p>\n","protected":false},"excerpt":{"rendered":"<p>The Congress takes place at two 5-star hotels located in the center of Bucharest \u2013 the InterContinental Ath\u00e9n\u00e9e Palace Bucharest and the Radisson Blu. The two hotels are across the street from each other and together reflect the architectural diversity of Bucharest \u2013 the centennial Art Nouveau building of the InterContinental Ath\u00e9n\u00e9e Palace is perfectly [&hellip;]<\/p>\n","protected":false},"author":91,"featured_media":0,"parent":0,"menu_order":0,"comment_status":"closed","ping_status":"closed","template":"","meta":{"ngg_post_thumbnail":0},"acf":[],"yoast_head":"<!-- This site is optimized with the Yoast SEO plugin v20.12 - https:\/\/yoast.com\/wordpress\/plugins\/seo\/ -->\n<title>Congress Venues - EAA Congress 2024<\/title>\n<meta name=\"robots\" content=\"index, follow, max-snippet:-1, max-image-preview:large, max-video-preview:-1\" \/>\n<link rel=\"canonical\" href=\"https:\/\/eaa-online.org\/congress-2024\/congress-venue\/\" \/>\n<meta property=\"og:locale\" content=\"en_US\" \/>\n<meta property=\"og:type\" content=\"article\" \/>\n<meta property=\"og:title\" content=\"Congress Venues - EAA Congress 2024\" \/>\n<meta property=\"og:description\" content=\"The Congress takes place at two 5-star hotels located in the center of Bucharest \u2013 the InterContinental Ath\u00e9n\u00e9e Palace Bucharest and the Radisson Blu. The two hotels are across the street from each other and together reflect the architectural diversity of Bucharest \u2013 the centennial Art Nouveau building of the InterContinental Ath\u00e9n\u00e9e Palace is perfectly [&hellip;]\" \/>\n<meta property=\"og:url\" content=\"https:\/\/eaa-online.org\/congress-2024\/congress-venue\/\" \/>\n<meta property=\"og:site_name\" content=\"EAA Congress 2024\" \/>\n<meta property=\"article:modified_time\" content=\"2024-05-02T16:38:23+00:00\" \/>\n<meta property=\"og:image\" content=\"https:\/\/eaa-online.org\/app\/uploads\/sites\/76\/2023\/08\/picture2.png\" \/>\n<meta name=\"twitter:card\" content=\"summary_large_image\" \/>\n<meta name=\"twitter:label1\" content=\"Est. reading time\" \/>\n\t<meta name=\"twitter:data1\" content=\"8 minutes\" \/>\n<script type=\"application\/ld+json\" class=\"yoast-schema-graph\">{\"@context\":\"https:\/\/schema.org\",\"@graph\":[{\"@type\":\"WebPage\",\"@id\":\"https:\/\/eaa-online.org\/congress-2024\/congress-venue\/\",\"url\":\"https:\/\/eaa-online.org\/congress-2024\/congress-venue\/\",\"name\":\"Congress Venues - EAA Congress 2024\",\"isPartOf\":{\"@id\":\"https:\/\/eaa-online.org\/congress-2024\/#website\"},\"datePublished\":\"2021-08-23T13:50:17+00:00\",\"dateModified\":\"2024-05-02T16:38:23+00:00\",\"inLanguage\":\"en-US\",\"potentialAction\":[{\"@type\":\"ReadAction\",\"target\":[\"https:\/\/eaa-online.org\/congress-2024\/congress-venue\/\"]}]},{\"@type\":\"WebSite\",\"@id\":\"https:\/\/eaa-online.org\/congress-2024\/#website\",\"url\":\"https:\/\/eaa-online.org\/congress-2024\/\",\"name\":\"EAA Congress 2024\",\"description\":\"Just another EAA Sites site\",\"potentialAction\":[{\"@type\":\"SearchAction\",\"target\":{\"@type\":\"EntryPoint\",\"urlTemplate\":\"https:\/\/eaa-online.org\/congress-2024\/?s={search_term_string}\"},\"query-input\":\"required name=search_term_string\"}],\"inLanguage\":\"en-US\"}]}<\/script>\n<!-- \/ Yoast SEO plugin. -->","yoast_head_json":{"title":"Congress Venues - EAA Congress 2024","robots":{"index":"index","follow":"follow","max-snippet":"max-snippet:-1","max-image-preview":"max-image-preview:large","max-video-preview":"max-video-preview:-1"},"canonical":"https:\/\/eaa-online.org\/congress-2024\/congress-venue\/","og_locale":"en_US","og_type":"article","og_title":"Congress Venues - EAA Congress 2024","og_description":"The Congress takes place at two 5-star hotels located in the center of Bucharest \u2013 the InterContinental Ath\u00e9n\u00e9e Palace Bucharest and the Radisson Blu. The two hotels are across the street from each other and together reflect the architectural diversity of Bucharest \u2013 the centennial Art Nouveau building of the InterContinental Ath\u00e9n\u00e9e Palace is perfectly [&hellip;]","og_url":"https:\/\/eaa-online.org\/congress-2024\/congress-venue\/","og_site_name":"EAA Congress 2024","article_modified_time":"2024-05-02T16:38:23+00:00","og_image":[{"url":"https:\/\/eaa-online.org\/app\/uploads\/sites\/76\/2023\/08\/picture2.png"}],"twitter_card":"summary_large_image","twitter_misc":{"Est. reading time":"8 minutes"},"schema":{"@context":"https:\/\/schema.org","@graph":[{"@type":"WebPage","@id":"https:\/\/eaa-online.org\/congress-2024\/congress-venue\/","url":"https:\/\/eaa-online.org\/congress-2024\/congress-venue\/","name":"Congress Venues - EAA Congress 2024","isPartOf":{"@id":"https:\/\/eaa-online.org\/congress-2024\/#website"},"datePublished":"2021-08-23T13:50:17+00:00","dateModified":"2024-05-02T16:38:23+00:00","inLanguage":"en-US","potentialAction":[{"@type":"ReadAction","target":["https:\/\/eaa-online.org\/congress-2024\/congress-venue\/"]}]},{"@type":"WebSite","@id":"https:\/\/eaa-online.org\/congress-2024\/#website","url":"https:\/\/eaa-online.org\/congress-2024\/","name":"EAA Congress 2024","description":"Just another EAA Sites site","potentialAction":[{"@type":"SearchAction","target":{"@type":"EntryPoint","urlTemplate":"https:\/\/eaa-online.org\/congress-2024\/?s={search_term_string}"},"query-input":"required name=search_term_string"}],"inLanguage":"en-US"}]}},"_links":{"self":[{"href":"https:\/\/eaa-online.org\/congress-2024\/wp-json\/wp\/v2\/pages\/163"}],"collection":[{"href":"https:\/\/eaa-online.org\/congress-2024\/wp-json\/wp\/v2\/pages"}],"about":[{"href":"https:\/\/eaa-online.org\/congress-2024\/wp-json\/wp\/v2\/types\/page"}],"author":[{"embeddable":true,"href":"https:\/\/eaa-online.org\/congress-2024\/wp-json\/wp\/v2\/users\/91"}],"replies":[{"embeddable":true,"href":"https:\/\/eaa-online.org\/congress-2024\/wp-json\/wp\/v2\/comments?post=163"}],"version-history":[{"count":24,"href":"https:\/\/eaa-online.org\/congress-2024\/wp-json\/wp\/v2\/pages\/163\/revisions"}],"predecessor-version":[{"id":1986,"href":"https:\/\/eaa-online.org\/congress-2024\/wp-json\/wp\/v2\/pages\/163\/revisions\/1986"}],"wp:attachment":[{"href":"https:\/\/eaa-online.org\/congress-2024\/wp-json\/wp\/v2\/media?parent=163"}],"curies":[{"name":"wp","href":"https:\/\/api.w.org\/{rel}","templated":true}]}}