{"id":545,"date":"2022-05-25T13:35:20","date_gmt":"2022-05-25T13:35:20","guid":{"rendered":"https:\/\/eaa-online.org\/congress-2024\/?page_id=545"},"modified":"2023-12-20T13:30:30","modified_gmt":"2023-12-20T13:30:30","slug":"about-romania","status":"publish","type":"page","link":"https:\/\/eaa-online.org\/congress-2024\/about-romania\/","title":{"rendered":"About Romania"},"content":{"rendered":"<p style=\"text-align: justify;\"><strong>General Information<\/strong><\/p>\n<p style=\"text-align: justify;\">Romania is situated in the South-Eastern part of Central Europe, being the 12<sup>th<\/sup> largest country in Europe and home to approximately 20 million people. Romania\u2019s total territory of 238,391 sq. km. (92,043.3 sq. m.) is almost evenly divided between mountains, hills and plains, with an elevation difference of 2,544m (8,346ft) from the sea level to the highest peak in the Carpathians, Mount Moldoveanu. Romania\u2019s position on the Globe, half-distanced between the Equator and the North Pole, endows it with a temperate-continental climate. The average temperature in May and June is 24\u00b0C and 27\u00b0C (75\u00b0F to 81\u00b0F), respectively, making it an optimal time of year to visit all of Romania\u2019s regions.<\/p>\n<p style=\"text-align: justify;\">With a Latin heritage and speaking the fifth Romance language (in addition to French, Spanish, Italian and Portuguese), Romanians are proud European and world citizens and long-standing contributors to the global culture, science and sports. Nadia Com\u0103neci (world\u2019s first gymnast to be awarded a perfect score of 10.0 at the Olympic Games of 1976 in Montreal, and she obtained 7 of them), Henri Coand\u0103 (discoverer of the Coand\u0103 Effect, with practical applicability for the world&#8217;s first jet aircraft, \u201cCoanda 1910\u201d) and Constantin Br\u00e2ncu\u015fi (sculptor, author of, among others, La jeune fille sophistiqu\u00e9e (Portrait de Nancy Cunard), The Kiss or The Endless Column) are among Romania\u2019s most famous. In 2004 Romania officially joined NATO and at the beginning of 2007 it acceded the European Union as a full beneficiary and provider.<\/p>\n<p style=\"text-align: justify;\"><strong>Cuisine<\/strong><\/p>\n<p style=\"text-align: justify;\">Romanians proud themselves with a varied, traditional yet refined cuisine, testifying for the country\u2019s manifold heritages. While like in many other European countries, meat was traditionally the must-have source of protein, Romanians and therefore almost all restaurants in Romania also include on their menus a series of delicious vegan dishes that charm even the most sophisticated foodies. Sarmale (cabbage or vine leaf rolls) with m\u0103m\u0103liga (a <a href=\"https:\/\/www.youtube.com\/watch?v=_piCooEKK0U\" target=\"_blank\" rel=\"noopener\">gluten free cornmeal dish<\/a>), mititei (grilled skinless pork and beef, sometimes sheep, meat sausages), Mangali\u021ba pork steaks or bean soup with pork knuckles perfectly complement the vegan dishes such as zacusc\u0103 (vegetable spread), <a href=\"https:\/\/theromaniancookbook.com\/romanian-aubergine-salad\/\" target=\"_blank\" rel=\"noopener\">charcoal grilled eggplant salad<\/a>, bean spread, various potato dishes or vegetable soups. If you still have room for some desert, try the papana\u0219i (doughnuts with blueberry preserve and cream) or the cozonac (sweet bread with walnuts, Turkish delight or poppy seeds). For a great digestion, we suggest to start (or end) your meal with a traditional \u021buic\u0103 or palinc\u0103 (plum brandy, traditionally between 20 and 50 alcohol by volume, respectively 40 and 100 proof, sometimes more!) or any other type of fruit brandy served in any restaurant (albeit if you can get your hand on some homemade stuff, you\u2019ve hit the jackpot!). Romanians also enjoy their <a href=\"https:\/\/www.winesofromania.com\/en\/romanian-wines-win-over-500-medals-2023\/\" target=\"_blank\" rel=\"noopener\">wines<\/a> and beers, and you can enjoy them (responsibly!) in any party.<\/p>\n<p style=\"text-align: justify;\"><strong>Tourism<\/strong><\/p>\n<p style=\"text-align: justify;\">Romania\u2019s traditional and cultural roots, as well as its natural beauties, are best represented by destinations such as Transylvania, Moldavia, Maramure\u0219, Bucovina and Dobrogea. The country features a great variety of natural landscapes and cultural resources of great value. These are complemented by invaluable archaeological sites, Dacian, Roman and Medieval remains, churches and monasteries, architectural edifices (palaces and castles), museums, the remarkable richness and diversity of its ethnic and folklore traditions, and the peoples\u2019 warm hospitality.<\/p>\n<p style=\"text-align: justify;\">Best known for Bram Stoker\u2019s story of Count Dracula, Transylvania (German: Siebenb\u00fcrgen) is celebrated for its canyons, virgin forests and remote ancient villages, its medieval sights and cities, fortified churches, traditional food and local culture, in a complete mixture of Romanian, Saxon and Hungarian heritages. Some of the most picturesque places in Transylvania are the Bran and the Pele\u0219 castles, the matrimonial prison of Biertan, the Turda salt mine, and the cities of Cluj-Napoca, Bra\u0219ov, Sibiu, Alba Iulia or Sighi\u0219oara. Alba Iulia is the Capital of the Great Union of Romania, where in 1918 Romanians from all territories declared their unification. Cluj-Napoca\u2019s baroque-era B\u00e1nffy Palace is now a museum showcasing Romanian art. The second largest underground glacier in Europe, Sc\u0103ri\u0219oara, hosts spectacular 20-foot high stalagmites and is open to the public. Viscri, one of the most beautiful villages in Romania, has charmed, among many others, King Charles III.<\/p>\n<p style=\"text-align: justify;\">Moldavia, Bucovina and Maramure\u0219 are places of idyllic natural beauty that preserved traditions and archaic architecture, woodcrafts and monasteries. The cultural capital of Moldavia is Ia\u0219i, which hosts the stunning Church of the Three Hierarchs, built in 1639, the neo-gothic Palace of Culture and an impressive Botanical Garden. Ancient fortresses such as Cetatea Neam\u021bului can also be visited, as well as the 15th and 16th centuries Painted Monasteries of Bucovina, featuring colorful exterior frescoes. The Merry Cemetery in S\u0103p\u00e2n\u021ba, in Maramure\u0219, keeps impressing its visitors with the unlikely combination of humor and wisdom in metaphors written on the crosses from the burial place right in the center of the village. The Ceahl\u0103u National Park (Romanian Olympus, sacred mountain of the Dacians) and the Bicaz Gorges are heavens for hikers and nature lovers.<\/p>\n<p style=\"text-align: justify;\">Dobrogea is a place of high diversity both in terms of natural landscapes and culture. Situated in the South-Eastern part of Romania, between the Danube River and the Black Sea, Dobrogea is home to Europe\u2019s youngest land and the world\u2019s third highest biodiversity area \u2013 the Danube Delta, some of its oldest mountains, and the most popular summer destination in Romania \u2013 the seaside. Europe&#8217;s second longest river, the Danube flows through 10 countries (more than any other river in the world) and 4 city capitals (Vienna, Bratislava, Budapest and Belgrade) before emptying into the Black Sea and the Danube Delta. The Greeks were the first to build colonies here, encouraged by the strategic position of the Black Sea on the commercial routes of the time, followed by the Roman, Byzantine and Ottoman Empires, thus leading to a mixed ethnic region, where Romanians coexist with populations of Greek, Turkish and Russian descent. Constan\u021ba is the most important port of the country and a truly cosmopolitan place.<\/p>\n<p style=\"text-align: justify;\">The country\u2019s incredible scenery and natural ecosystems, unique architectural patterns and impressive historical vestiges have been recognized by the inclusion of over 25 landmarks from 7 different locations on the list of UNESCO world heritage sites: the churches of Moldavia, the Dacian Fortress of the Or\u0103\u0219tie Mountains, the historic center of Sighi\u0219oara, the Monastery of Horezu (Hurezi), the villages with fortified churches in Transylvania, the wooden churches of Maramure\u0219, and the Danube Delta.<\/p>\n<p><img decoding=\"async\" loading=\"lazy\" class=\"alignnone wp-image-1625 \" src=\"https:\/\/eaa-online.org\/app\/uploads\/sites\/76\/2023\/07\/romania.jpg\" alt=\"\" width=\"739\" height=\"464\" srcset=\"https:\/\/eaa-online.org\/app\/uploads\/sites\/76\/2023\/07\/romania.jpg 622w, https:\/\/eaa-online.org\/app\/uploads\/sites\/76\/2023\/07\/romania-300x189.jpg 300w\" sizes=\"(max-width: 739px) 100vw, 739px\" \/><\/p>\n<p style=\"text-align: justify;\"><img decoding=\"async\" loading=\"lazy\" class=\"alignnone wp-image-1643\" src=\"https:\/\/eaa-online.org\/app\/uploads\/sites\/76\/2023\/08\/photos-of-romania-300x242.jpg\" alt=\"\" width=\"739\" height=\"596\" srcset=\"https:\/\/eaa-online.org\/app\/uploads\/sites\/76\/2023\/08\/photos-of-romania-300x242.jpg 300w, https:\/\/eaa-online.org\/app\/uploads\/sites\/76\/2023\/08\/photos-of-romania.jpg 643w\" sizes=\"(max-width: 739px) 100vw, 739px\" \/><\/p>\n<p style=\"text-align: justify;\">Additional information can be found by accessing the following pages:<\/p>\n<p style=\"text-align: justify;\"><a href=\"https:\/\/www.presidency.ro\/en\/president\/romania\" target=\"_blank\" rel=\"noopener\">https:\/\/www.presidency.ro\/en\/president\/romania<\/a><\/p>\n<p style=\"text-align: justify;\"><span style=\"color: #0099cc;\"><a style=\"color: #0099cc;\" href=\"http:\/\/romaniatourism.com\/\" target=\"_blank\" rel=\"noopener\">http:\/\/romaniatourism.com\/<\/a><\/span><\/p>\n<p style=\"text-align: justify;\"><span style=\"color: #0099cc;\"><a style=\"color: #0099cc;\" href=\"http:\/\/www.romania.travel\/en\/\" target=\"_blank\" rel=\"noopener\">http:\/\/www.romania.travel\/en\/<\/a><\/span><\/p>\n<p style=\"text-align: justify;\">Romania as tourist destination <a href=\"https:\/\/www.youtube.com\/watch?v=eHyXXktvFhI\" target=\"_blank\" rel=\"noopener\"><span style=\"color: #0099cc;\">official video<\/span><\/a>.<\/p>\n","protected":false},"excerpt":{"rendered":"<p>General Information Romania is situated in the South-Eastern part of Central Europe, being the 12th largest country in Europe and home to approximately 20 million people. Romania\u2019s total territory of 238,391 sq. km. (92,043.3 sq. m.) is almost evenly divided between mountains, hills and plains, with an elevation difference of 2,544m (8,346ft) from the sea [&hellip;]<\/p>\n","protected":false},"author":91,"featured_media":742,"parent":0,"menu_order":0,"comment_status":"closed","ping_status":"closed","template":"","meta":{"ngg_post_thumbnail":0},"acf":[],"yoast_head":"<!-- This site is optimized with the Yoast SEO plugin v20.12 - https:\/\/yoast.com\/wordpress\/plugins\/seo\/ -->\n<title>About Romania - EAA Congress 2024<\/title>\n<meta name=\"robots\" content=\"index, follow, max-snippet:-1, max-image-preview:large, max-video-preview:-1\" \/>\n<link rel=\"canonical\" href=\"https:\/\/eaa-online.org\/congress-2024\/about-romania\/\" \/>\n<meta property=\"og:locale\" content=\"en_US\" \/>\n<meta property=\"og:type\" content=\"article\" \/>\n<meta property=\"og:title\" content=\"About Romania - EAA Congress 2024\" \/>\n<meta property=\"og:description\" content=\"General Information Romania is situated in the South-Eastern part of Central Europe, being the 12th largest country in Europe and home to approximately 20 million people. Romania\u2019s total territory of 238,391 sq. km. (92,043.3 sq. m.) is almost evenly divided between mountains, hills and plains, with an elevation difference of 2,544m (8,346ft) from the sea [&hellip;]\" \/>\n<meta property=\"og:url\" content=\"https:\/\/eaa-online.org\/congress-2024\/about-romania\/\" \/>\n<meta property=\"og:site_name\" content=\"EAA Congress 2024\" \/>\n<meta property=\"article:modified_time\" content=\"2023-12-20T13:30:30+00:00\" \/>\n<meta property=\"og:image\" content=\"https:\/\/eaa-online.org\/app\/uploads\/sites\/76\/2022\/05\/bb2r7709-scaled.jpg\" \/>\n\t<meta property=\"og:image:width\" content=\"2560\" \/>\n\t<meta property=\"og:image:height\" content=\"1707\" \/>\n\t<meta property=\"og:image:type\" content=\"image\/jpeg\" \/>\n<meta name=\"twitter:card\" content=\"summary_large_image\" \/>\n<meta name=\"twitter:label1\" content=\"Est. reading time\" \/>\n\t<meta name=\"twitter:data1\" content=\"6 minutes\" \/>\n<script type=\"application\/ld+json\" class=\"yoast-schema-graph\">{\"@context\":\"https:\/\/schema.org\",\"@graph\":[{\"@type\":\"WebPage\",\"@id\":\"https:\/\/eaa-online.org\/congress-2024\/about-romania\/\",\"url\":\"https:\/\/eaa-online.org\/congress-2024\/about-romania\/\",\"name\":\"About Romania - EAA Congress 2024\",\"isPartOf\":{\"@id\":\"https:\/\/eaa-online.org\/congress-2024\/#website\"},\"datePublished\":\"2022-05-25T13:35:20+00:00\",\"dateModified\":\"2023-12-20T13:30:30+00:00\",\"inLanguage\":\"en-US\",\"potentialAction\":[{\"@type\":\"ReadAction\",\"target\":[\"https:\/\/eaa-online.org\/congress-2024\/about-romania\/\"]}]},{\"@type\":\"WebSite\",\"@id\":\"https:\/\/eaa-online.org\/congress-2024\/#website\",\"url\":\"https:\/\/eaa-online.org\/congress-2024\/\",\"name\":\"EAA Congress 2024\",\"description\":\"Just another EAA Sites site\",\"potentialAction\":[{\"@type\":\"SearchAction\",\"target\":{\"@type\":\"EntryPoint\",\"urlTemplate\":\"https:\/\/eaa-online.org\/congress-2024\/?s={search_term_string}\"},\"query-input\":\"required name=search_term_string\"}],\"inLanguage\":\"en-US\"}]}<\/script>\n<!-- \/ Yoast SEO plugin. -->","yoast_head_json":{"title":"About Romania - EAA Congress 2024","robots":{"index":"index","follow":"follow","max-snippet":"max-snippet:-1","max-image-preview":"max-image-preview:large","max-video-preview":"max-video-preview:-1"},"canonical":"https:\/\/eaa-online.org\/congress-2024\/about-romania\/","og_locale":"en_US","og_type":"article","og_title":"About Romania - EAA Congress 2024","og_description":"General Information Romania is situated in the South-Eastern part of Central Europe, being the 12th largest country in Europe and home to approximately 20 million people. Romania\u2019s total territory of 238,391 sq. km. (92,043.3 sq. m.) is almost evenly divided between mountains, hills and plains, with an elevation difference of 2,544m (8,346ft) from the sea [&hellip;]","og_url":"https:\/\/eaa-online.org\/congress-2024\/about-romania\/","og_site_name":"EAA Congress 2024","article_modified_time":"2023-12-20T13:30:30+00:00","og_image":[{"width":2560,"height":1707,"url":"https:\/\/eaa-online.org\/app\/uploads\/sites\/76\/2022\/05\/bb2r7709-scaled.jpg","type":"image\/jpeg"}],"twitter_card":"summary_large_image","twitter_misc":{"Est. reading time":"6 minutes"},"schema":{"@context":"https:\/\/schema.org","@graph":[{"@type":"WebPage","@id":"https:\/\/eaa-online.org\/congress-2024\/about-romania\/","url":"https:\/\/eaa-online.org\/congress-2024\/about-romania\/","name":"About Romania - EAA Congress 2024","isPartOf":{"@id":"https:\/\/eaa-online.org\/congress-2024\/#website"},"datePublished":"2022-05-25T13:35:20+00:00","dateModified":"2023-12-20T13:30:30+00:00","inLanguage":"en-US","potentialAction":[{"@type":"ReadAction","target":["https:\/\/eaa-online.org\/congress-2024\/about-romania\/"]}]},{"@type":"WebSite","@id":"https:\/\/eaa-online.org\/congress-2024\/#website","url":"https:\/\/eaa-online.org\/congress-2024\/","name":"EAA Congress 2024","description":"Just another EAA Sites site","potentialAction":[{"@type":"SearchAction","target":{"@type":"EntryPoint","urlTemplate":"https:\/\/eaa-online.org\/congress-2024\/?s={search_term_string}"},"query-input":"required name=search_term_string"}],"inLanguage":"en-US"}]}},"_links":{"self":[{"href":"https:\/\/eaa-online.org\/congress-2024\/wp-json\/wp\/v2\/pages\/545"}],"collection":[{"href":"https:\/\/eaa-online.org\/congress-2024\/wp-json\/wp\/v2\/pages"}],"about":[{"href":"https:\/\/eaa-online.org\/congress-2024\/wp-json\/wp\/v2\/types\/page"}],"author":[{"embeddable":true,"href":"https:\/\/eaa-online.org\/congress-2024\/wp-json\/wp\/v2\/users\/91"}],"replies":[{"embeddable":true,"href":"https:\/\/eaa-online.org\/congress-2024\/wp-json\/wp\/v2\/comments?post=545"}],"version-history":[{"count":20,"href":"https:\/\/eaa-online.org\/congress-2024\/wp-json\/wp\/v2\/pages\/545\/revisions"}],"predecessor-version":[{"id":1823,"href":"https:\/\/eaa-online.org\/congress-2024\/wp-json\/wp\/v2\/pages\/545\/revisions\/1823"}],"wp:featuredmedia":[{"embeddable":true,"href":"https:\/\/eaa-online.org\/congress-2024\/wp-json\/wp\/v2\/media\/742"}],"wp:attachment":[{"href":"https:\/\/eaa-online.org\/congress-2024\/wp-json\/wp\/v2\/media?parent=545"}],"curies":[{"name":"wp","href":"https:\/\/api.w.org\/{rel}","templated":true}]}}